t of r?
6
Let l = 3 + 3. Let t(d) = d - 2. Let g be t(-2). Let f = g + l. What is the units digit of f?
2
Let w be 10/(-4)*(-68)/10. Let i = 84 - w. What is the units digit of i?
7
Let b(q) = -q**2 + q + 4. Let p be b(3). Let n = -16 - -26. What is the units digit of n/(3/(-6)*p)?
0
Suppose 9*d + 3185 = 10*d - 5*y, 5*y = -5*d + 16045. What is the hundreds digit of d?
2
Let k = -21 - 9. What is the tens digit of (-12)/k - (2 + 1028/(-5))?
0
Suppose -4*d = 2*n + 1 - 9, d - 8 = n. Suppose -p - 258 = -d*p. What is the units digit of p?
6
Suppose 16*f = 22*f - 8208. What is the units digit of f?
8
Let c(v) = -31*v**2 - 2*v - 1. Let a = 9 - 10. Let t be c(a). Let d = t - -53. What is the units digit of d?
3
Let a(j) = j**2 + 6*j + 4. Let p be a(-6). Suppose -n = n - 2, 5*i - 311 = p*n. What is the units digit of i?
3
Let j be -43 + (-4)/(-2 - 2). Let p = 83 - j. Suppose 3*s = -5*t + p, 2*t - 6 = -3*s + 35. What is the units digit of t?
8
Suppose 3*l = 6*l. Suppose 2*s + 4*f = -10, -s + f + l*f - 2 = 0. What is the units digit of (6/s)/(-2) - -2?
3
Let t be 2*4*(-30)/(-16). Suppose -5 = 5*s, 2*q + t = -3*s + 4. Let p(w) = 2*w**2 - 2*w - 6. What is the units digit of p(q)?
4
Let u(p) = 3*p**2. Let d be u(-3). Let j = 89 - d. Suppose -j + 182 = 5*b. What is the tens digit of b?
2
What is the units digit of (374/(-4))/(13/(-26))?
7
Let r be 272/40 - 12/15. Suppose r*d = -2*o + 2*d + 400, -3*o - 4*d = -590. What is the tens digit of o?
9
Let g = 10 - 4. Let o be (g/2)/((-6)/(-8)). Let n = 5 - o. What is the units digit of n?
1
Let u(s) be the first derivative of -s**4/4 + 8*s**3/3 - s**2/2 - 9*s + 5. Let p be u(7). What is the units digit of (0 - p)/(5/(-5))?
3
Suppose 0*l + 3*l - i = 253, -5*l = 2*i - 418. Let b = -41 + l. What is the tens digit of b?
4
Let l(o) = 39*o - 507. What is the tens digit of l(24)?
2
Let b = -1023 - -3163. What is the hundreds digit of b?
1
Let o(g) = -2*g**3 - 11*g**2 - 9*g - 17. Suppose 37*z = 39*z + 14. What is the hundreds digit of o(z)?
1
Let a be (9/1 - 0) + 0. Suppose -a = -4*s + s. Suppose 0 = s*p - 5*f - 142, -4*p + 137 = f - 37. What is the units digit of p?
4
What is the tens digit of ((-2136)/(-30))/((-6)/(-15))?
7
Let a = 17 + -10. Let f(s) = -33*s - 6*s**2 + s**3 - 31*s - 3 + 101*s - 36*s. What is the units digit of f(a)?
3
Let h(k) = -k**3 - 3*k**2 + 8*k + 3. Let t(y) = y - 1. Let d be t(-4). Let o be h(d). Let f = 17 + o. What is the tens digit of f?
3
Suppose -4*g - 8 = 0, 0 = -4*w - 3*g + 590 + 28. What is the tens digit of w?
5
Suppose 0 = -39*r + 20*r + 16701. What is the hundreds digit of r?
8
What is the units digit of 14/(-42) - (-649)/3?
6
Let s(r) = 13*r + 9. Let p be s(-2). What is the tens digit of (p/4 + 5)/(1/220)?
6
Suppose a - 1 - 8 = 0. Suppose a*q - 20 = 7*q. Suppose -q = f - 37. What is the tens digit of f?
2
Suppose -269*v + 1038 = -266*v. What is the tens digit of v?
4
What is the tens digit of (1226/(-4) + 1)*-2?
1
Suppose 3*m - 70 = -4. Suppose 2*v - 46 - m = 0. What is the tens digit of v?
3
Suppose l = -3*l + 24. Let u be 24/36 + 758/l. Suppose -4*m - 5*i = -u, -7*m = -2*m + 2*i - 146. What is the units digit of m?
8
Suppose -2*g + 61 = -y - 2*y, -69 = -2*g - 5*y. Suppose -58 - g = -3*c. Suppose -c + 4 = -2*a. What is the tens digit of a?
1
What is the tens digit of 86*(-5 - (-5 - 1))?
8
Let v = -269 + 1020. What is the hundreds digit of v?
7
Let v = -269 + 155. Let j = v + 201. What is the tens digit of j?
8
Suppose 0 = 5*a + 5*h + 5, -9 = -5*a + 2*h + 7. Suppose -22 = -2*l - 5*c + 3*c, 0 = l + a*c - 16. What is the units digit of l?
6
Let w(n) = -3*n - 28. Let z be w(-7). What is the units digit of (6/z)/(6/(-28))?
4
Suppose p + 21 = 4*s, -3*s - 2*p + 30 = 2*p. Let x be (-17 + -3 + s)/(-1). Let u = x - -33. What is the units digit of u?
7
What is the units digit of (5/(-2))/(53/(-35404))?
0
Let m be 1/(-4) + (-27)/4. Let b be -3 + (-1 - m) + 2. Suppose -b*o + 63 = 2*l, 0 = l - 0*l + 2*o - 29. What is the tens digit of l?
1
Let z be ((-6)/(-10))/((-1)/(-5)). Let f be (-3 - 126/(-4))*2. Suppose -f = -4*q + q - t, -z*t - 29 = -q. What is the units digit of q?
0
Let k(m) be the first derivative of 4*m**2 + 3*m - 3. Let a(c) = -c + 1. Let n(w) = 4*a(w) - 2*k(w). What is the tens digit of n(-1)?
1
Let c be (-2 + (-1)/(-2))/((-12)/32). Suppose 0 = 4*v + 2*z - 784, 4*v + 8*z = c*z + 792. What is the hundreds digit of v?
1
Suppose -d - 10 = -2*f - 3*d, 3*f + d = 5. Suppose w - 48 + 20 = -5*b, f = 3*b + w - 18. Suppose -b*i + 46 = r, i - r - 24 = -i. What is the units digit of i?
0
Suppose 0*a = -3*a + 21. Suppose 0 = n - a*n + 666. What is the units digit of n?
1
Let m = -70 - -63. Let f(v) = v**2 - 8*v - 4. What is the tens digit of f(m)?
0
Let o = 13 + -1. Suppose 0 = 9*v - o*v + 168. What is the tens digit of v?
5
Let p = -99 - -38. Let g = 112 + -24. Let s = p + g. What is the units digit of s?
7
Let k(y) = 7*y**2 + 25*y + 99. What is the thousands digit of k(-14)?
1
Suppose 14*x = -9*x + 2047. What is the units digit of x?
9
Let p(u) = 89*u**2 - 10*u - 160. What is the hundreds digit of p(-8)?
6
Let o be -2 + 2 + 672/(-4). Let b = o + 304. What is the hundreds digit of b?
1
Suppose 20 + 10 = y. What is the tens digit of 1*(0 + y + 1)?
3
Let n(t) = -66*t**2 + 2. Let o be n(3). Let r be 6/15 - o/20. Suppose r = -4*k + 2*a + 106, -2*a + 26 = 2*k. What is the units digit of k?
7
Suppose 3 = -3*n, 5*y + 9*n - 436 = 5*n. What is the units digit of y?
8
Let v = 5 - 2. Suppose -2*r - 12 = -7*r + 3*b, -4*b - 5 = -v*r. What is the units digit of (r + -2)*(2 + 0)?
2
Let v(l) = -l**3 + 12*l**2 + 17*l + 6. Let r = 10 + 3. What is the tens digit of v(r)?
5
Suppose 48714 = -25*d + 71*d. What is the units digit of d?
9
Suppose 2*p - 3 = 19. Suppose -2*v = z + v - 15, 0 = -z + v + p. What is the units digit of z?
2
Suppose -4*w - 148 = -0*w + 2*p, -4*w - 3*p - 152 = 0. Let z(a) = 11*a + 4. Let s be z(5). Let j = s + w. What is the tens digit of j?
2
What is the units digit of (22 + -20)/((10/753)/5)?
3
Let g be -2 - -2 - 0 - -2. Let l(a) = 15*a**2 - 9*a**2 + 1 + 6*a - g*a**2. What is the units digit of l(-4)?
1
Suppose 4*a = 3*r + 3117, -a - 54*r + 55*r = -778. What is the tens digit of a?
8
Suppose -4*q + 2808 = -4*y, -5*y = -4*q + 5*q - 720. What is the hundreds digit of q?
7
Let m be (-25)/15*(-9)/5. Suppose m*z - 29 = -4*t, -5*t - 11 + 27 = -3*z. What is the units digit of z?
3
Let l be 4/(-12)*-1041 - -1. Suppose 0*q = -3*i - q + 547, 4*q = -2*i + l. What is the tens digit of i?
8
Let f(c) = c**2 - c**2 + c**2 + c**2 + 3 + 16*c. What is the units digit of f(-9)?
1
Let k(c) be the first derivative of 1/4*c**4 - 2*c**3 - 5/2*c**2 + 0*c - 4. What is the units digit of k(7)?
4
Let q(a) = 9*a**2 + 64*a + 60. What is the tens digit of q(18)?
2
What is the tens digit of (-1*(-4)/2)/((-6)/(-2643))?
8
Suppose 50*x = -2444 + 147194. What is the thousands digit of x?
2
Let x = -95 - -688. What is the units digit of x?
3
Let p = -24 - -28. Suppose 5*v + 22 = -4*u + 117, -3*v + 65 = 4*u. Suppose -p*j = -v - 13. What is the units digit of j?
7
Let a be (0 + -1)/((-3)/6). Let f be -1 + 4 - 8/(-4). Suppose a - f = -3*i. What is the units digit of i?
1
Let x(g) = -2*g**2 + 36*g - 8. Let l be ((-4)/6)/((-4)/90). What is the tens digit of x(l)?
8
Let u(l) = -512*l + 176. What is the tens digit of u(-3)?
1
Let a = 39 + -57. Let t = a - -81. What is the tens digit of (-17 - t)*2/(-4)?
4
Let h(w) be the first derivative of 8*w + 3 + 1/4*w**4 + 3*w**3 + 11/2*w**2. What is the units digit of h(-7)?
9
Let d = 43 - 15. Let b = -156 + 228. Suppose -2*x = -3*a + d, -a + 6*a - b = -3*x. What is the tens digit of a?
1
Let d(u) = 2*u**2 - 2*u - 2. Let r be d(-1). Suppose r*o = o + z, 0 = -2*o - 4*z + 24. Suppose -o*m + 7 = -45. What is the tens digit of m?
1
Suppose 0 = -19*s + 4*s + 3180. What is the tens digit of s?
1
Let m(q) = 195*q + 2. Let c be m(1). Let v = c + -107. What is the tens digit of v?
9
Suppose -15*d + 12*d - 2388 = -3*a, -3*d = 5*a - 4012. What is the tens digit of a?
0
Suppose 2*u = -w + 4, 3*w + 6 = 5*w + 3*u. Suppose -d - 17 + 159 = w. What is the hundreds digit of d?
1
Let x be (-3 + 12/2)/(-1). What is the tens digit of (-4)/((-4)/x) + 116?
1
Let z = 66 - 61. Suppose 0 = g + v - 194, 0 + z = 5*v. What i